t s be 1*683 - n/6. Calculate the remainder when s/9 + (-3)/(-9) - -3 is divided by 41.
38
Let h(u) = 6*u**2 - 3*u + 2. Let a be ((-161)/3 - 4)*(-23 - -8). Suppose -12*b + a = -803. Calculate the remainder when b is divided by h(3).
45
Let f(n) = n**2 - 3*n + 15. Let r be f(3). Let i = 58 - r. Calculate the remainder when i is divided by 18.
7
Let v(j) = -9*j + 23. Let f(u) = u. Let k(y) = 2*f(y) + v(y). Let t be k(-9). Suppose -t = 4*m - 6*m. What is the remainder when 126 is divided by m?
40
Suppose -2*o - 8 = -4*r, 10 + 10 = -5*r - 5*o. Suppose r = 21*t - 17*t - 4. What is the remainder when 11 is divided by t?
0
Let m = 5936 + -5349. What is the remainder when m is divided by 53?
4
Suppose -2*b - 6 = 0, -9 = h + 3*b + 5. What is the remainder when 154 is divided by 5/(h + (-1080)/(-208))?
24
Let l be 1/(((-40)/75)/8). Let o be (-16 - l)/((-2)/42). Let t = o + 6. Calculate the remainder when t is divided by 5.
2
Suppose -1074*t = -1086*t + 72. What is the remainder when 13 is divided by t?
1
Let j(r) = -20*r + 27. Let d be j(-7). Suppose f - 4*i = 29, 0 = -4*f + 4*i - 5*i + d. What is the remainder when f is divided by 15?
11
Suppose -21*y + 5997 = 5199. What is the remainder when 397 is divided by y?
17
Let j be (0 + (-8)/(-3))*(-49 - -55). Suppose 14*g = 22*g - j. Calculate the remainder when (-2)/(-3) + (-20)/(-6) is divided by g.
0
Let a be 5 - -44*(-4 + 0). Let w = a - -217. Let n(d) = -3*d - 4. What is the remainder when w is divided by n(-7)?
12
Suppose 0*q + 122*q - 13756 = -59*q. Calculate the remainder when 183 is divided by q.
31
Let p(g) = -3*g**2 - 80*g - 420. Calculate the remainder when 783 is divided by p(-9).
42
Suppose 82*p - 37398 = 59*p. Calculate the remainder when p is divided by 37.
35
Let b(d) = 206*d**3 - 4*d**2 + 2*d - 1. Suppose 26*a - 28*a = -2. Calculate the remainder when b(a) is divided by 41.
39
Let m(t) be the first derivative of 33*t**2/2 + 10*t + 34. Let i(w) = -w**3 + 8*w**2 + 5*w - 1. Calculate the remainder when i(4) is divided by m(1).
40
What is the remainder when (((-113651)/464)/((-1)/(-4)))/((-1)/8) is divided by 67?
66
Let l(w) = 4*w + 46. Suppose 0 = -3*a + d - 10 - 1, -4*d + 8 = 0. Calculate the remainder when l(a) is divided by 13.
8
Suppose 10 - 3952 = 18*s. Let p = s + 359. What is the remainder when p is divided by 36?
32
Let l be ((-22)/3 - -9)*(-9)/(-5). Suppose l*n = 4*s - 0*s + 1478, 3*n - 5*s - 1477 = 0. Calculate the remainder when n is divided by 31.
29
Suppose -5*b + 757 = 4*a, -b - 5*a + 187 = 65. What is the remainder when 158 is divided by b?
1
Let y = 59 - 57. Let u(j) = j**2 + 2*j - 5. What is the remainder when u(-4) is divided by y/(2/(-9))*3/(-9)?
0
Let v(l) = -235 + 467 - 200 - 32*l + 24*l**2 + 2*l**2. What is the remainder when 69 is divided by v(1)?
17
Suppose 0*n = -7*n + 1246. Let b = n + -32. Calculate the remainder when b is divided by 50.
46
Let n be (8/(-10) - 0)/((-31)/2170). Suppose -n = -2*k - 48. Suppose -a - 46 = -3*u, -k*a = -a - 15. Calculate the remainder when u is divided by 7.
3
Suppose t - 4*s = -5*s + 771, 5*s = 4*t - 3021. Suppose 2*n + n - 177 = 0. Calculate the remainder when t is divided by n.
56
Let q = -526 - -466. Suppose -260 = -3*i + 5*z - 28, 0 = -2*z + 8. Let n = q + i. What is the remainder when 47 is divided by n?
23
Let h = -2 - -11. Suppose -y = -4 - h. Suppose -y*m + m = -204. Calculate the remainder when 33 is divided by m.
16
Let s be (6 - 5)/(4/(-28)). Let y(t) = -t**3 - 8*t**2 - 9*t - 9. Let x be y(s). Suppose -6*w + 73 = -x. Calculate the remainder when 50 is divided by w.
11
Calculate the remainder when 1220 is divided by (-3990)/(-13) + (-3 - (-40)/13).
299
Suppose 21*k + 10*k - 5263 = -830. What is the remainder when k is divided by 49?
45
Let i(j) = j**3 - 23*j**2 + 221*j + 21. Calculate the remainder when i(10) is divided by 21.
7
Let r(j) = -2*j**2 - 76*j - 29. Let u(k) = -15*k - 6. Let m(h) = -2*r(h) + 11*u(h). Calculate the remainder when m(6) is divided by (-2)/(-4)*(-48)/(-2).
10
Suppose -15*s = -s + 42. What is the remainder when (s/3)/((-4)/348) is divided by 9?
6
Let q(m) = -141*m - 3687. Suppose -5*l + 298 = -5*y + 68, -4*y - 225 = -5*l. Calculate the remainder when q(-27) is divided by l.
38
Suppose -4*f = -2*f - 122. Let q(d) be the second derivative of d**4/12 - 5*d**3 - 39*d**2 - 85*d. What is the remainder when q(-7) is divided by f?
59
What is the remainder when (-165220)/(-330)*(-6)/(-2) is divided by 84?
74
Let l(n) = -n - 1. Suppose -4*q + 3*y - 2 - 43 = 0, 20 = -2*q + 4*y. Let j = 0 - -3. Calculate the remainder when l(q) is divided by j.
2
Let y = 15 + -18. Let n(t) = -3*t**3 - 3*t**2 + 2*t. Let l be n(y). Let z = 59 - l. What is the remainder when 30 is divided by z?
8
Let x(w) be the second derivative of 5*w**4/6 + 4*w**3 + 4*w**2 + 4*w + 36. What is the remainder when 336 is divided by x(-3)?
24
Suppose 0 = 4*s + 3*u - 6121, s + 2*u - 911 = 623. What is the remainder when s is divided by 17?
15
Let p(z) = z**3 + 4*z**2 - 6*z - 3. Let j = -5 - 0. Let u be p(j). Suppose 30 = u*f + 3*c, 4*f - 4*c - 82 = c. Calculate the remainder when 67 is divided by f.
13
Let r be 72/(-40)*2/3*-5. Let i be 3 + r*-2*1/4. Suppose i = -3*v + 37 + 74. Calculate the remainder when v is divided by 13.
11
Suppose 156 = 23*w - 21*w - 2*j, w = -3*j + 66. What is the remainder when 202 is divided by w?
52
Suppose 608 = 2*u - 4*k, 8*u - 1190 = 4*u - 5*k. Let s = -271 + u. Calculate the remainder when 107 is divided by s.
20
Suppose -176*h - f - 2427 = -179*h, 5*h + 2*f - 4034 = 0. Calculate the remainder when h is divided by 55.
38
Suppose -45*l = -43*l - 8. Let s(i) = 58*i + 1. Let u be s(3). Suppose -5*h + 5*c = -u, 2*c + 137 = l*h + c. Calculate the remainder when h is divided by 7.
6
Suppose 0 = -61*s + 33*s + 15092. What is the remainder when s is divided by 111?
95
Let d = 5567 + -5392. What is the remainder when 2089 is divided by d?
164
Let q(z) = -z**3 + 7*z**2 + z + 11. Let b be q(7). Let s = 37 - b. Let u = s + -8. Calculate the remainder when 20 is divided by u.
9
Let f = 10 - -23. Let t be f/55 + (-44)/(-10). Suppose x + t = 2*x. What is the remainder when 13 is divided by x?
3
Let n(q) = 0*q - 3*q - 7*q. What is the remainder when 152 is divided by n(-4)?
32
Suppose -27 - 33 = -15*x. Suppose -x*r = -4*l + 168 - 52, -2*r = 5*l - 131. Calculate the remainder when 82 is divided by l.
1
Let j = 66 + 0. Let t = 3158 + -2901. Calculate the remainder when t is divided by j.
59
Let a(d) = 10*d**2 - 866*d + 2579. Let o = -7 + 35. Calculate the remainder when a(3) is divided by o.
15
Suppose -l + 262 = -2*t, 6*l + 5*t = 4*l + 524. Suppose l = 3*r - r. Calculate the remainder when r is divided by 36.
23
Let s(d) = 123*d**2 + 11*d + 14. Let n be s(-2). Let l = 626 - n. What is the remainder when l is divided by 29?
26
Let u(t) = 3*t**2 - 7*t - 22. Let a be u(14). Let v = a - 236. Calculate the remainder when v is divided by 59.
55
Suppose 4*h - 3484 = -4*c, -3*c + 2603 = 47*h - 46*h. What is the remainder when c is divided by 11?
8
Let g = -10404 - -12780. What is the remainder when g is divided by 789?
9
Suppose 0 = -p + 339 - 336, 162 = 3*t - 3*p. What is the remainder when 279 is divided by t?
51
Let j(n) = -14*n**2 + 37*n + 84. What is the remainder when 11190 is divided by j(4)?
6
Let a be ((-5400)/140)/((-3)/3416). Suppose 46*p + 17470 = a. What is the remainder when p is divided by 34?
31
Suppose 3*n + 60 = 7*n. Let b(h) = 22*h - 3 - 87 - 33. What is the remainder when b(11) is divided by n?
14
Suppose 5*r - 131 = -4*r + q, 5*q - 20 = 0. Calculate the remainder when 253 is divided by r.
13
Let p be (-7)/21 + (-2716)/(-12). Calculate the remainder when p*(4 + (-35)/10) is divided by 30.
23
Let m = 3444 + -3304. What is the remainder when m is divided by 145/(-15)*(-6)/2?
24
Suppose 0 = 4*k + 5*y - 2177, 0 = 4*k - 28*y + 27*y - 2195. Calculate the remainder when k is divided by 114.
92
Let d = 2493 - 2265. What is the remainder when d is divided by 34?
24
Suppose -33 = -2*n - 39, -5*v - 2*n + 409 = 0. What is the remainder when 404 is divided by v?
72
Let r = -823 - -825. Suppose 3*i + 97 = f, 2*f - 11 = i + 23. Let d = -19 - i. Calculate the remainder when d is divided by r.
1
Let w(d) = 2*d**2 - 16*d - 96. Let l be w(-10)